 -78. Let d be (-6)/4 + l/4. Let t = 24 + -9. Calculate the highest common divisor of t and d.
5
Let y be (3 - 1)*(3 + -2). Suppose -5*c - 1687 = y*h, c + 480 = -4*h - 2867. Let l be 4/(-18) - h/36. What is the greatest common factor of l and 230?
23
Let s = -5 - -8. Calculate the greatest common divisor of s and 24.
3
Let t = -5 - -8. Let c be 3*(t - (5 - 3)). Calculate the greatest common factor of c and 6.
3
Suppose -3*i = 0, 4*h + 7 + 1 = 3*i. Suppose 3*n - 214 = -886. Let d be -1 + (n/2)/h. Calculate the highest common factor of 5 and d.
5
Suppose 2*w - 4 = -0*w. Let p be 3/w*4/3. Suppose 3*i = 5*g - 2, 4*i - p*i - 4 = -2*g. Calculate the greatest common divisor of 5 and g.
1
Let n = -21 - -37. Calculate the highest common divisor of 24 and n.
8
Let o = 69 + -61. Calculate the highest common divisor of 6 and o.
2
Let t be (-25 + 8)*(1*-1)/1. Calculate the highest common factor of 136 and t.
17
Suppose -6 = 3*q + 3*y - 3, 0 = 3*q - 4*y - 4. Suppose 15 = 3*n, q = -5*u - 3*n + 23 + 7. What is the greatest common factor of u and 21?
3
Let y = 63 + -41. Calculate the greatest common divisor of y and 11.
11
Let s be (-4)/3*6/4. Let r be (10/8)/(51/24 - 2). Let i be (-15)/r - 35/s. Calculate the greatest common divisor of i and 144.
16
Let u = -18 - -27. What is the highest common factor of 27 and u?
9
Suppose 0 = -4*w + 3*h + 159, 4*w - h = 4*h + 153. Let s(b) = b**3 + 11*b**2 + 10*b - 7. Let u be s(-8). What is the highest common divisor of u and w?
21
Suppose -2*n + 19 = -a, -3*a + 0*a + 15 = 0. Calculate the highest common divisor of n and 132.
12
Let u = 104 - 89. Let b(x) = x**3 - 4*x**2 + 5*x - 5. Let o be b(5). What is the greatest common factor of u and o?
15
Suppose 1 = 2*t + w - 42, -w = 3*t - 62. Suppose 53 + t = 3*y. Suppose -5*v + 0*h = 3*h - 34, -v = -3*h - 14. What is the greatest common divisor of v and y?
8
Let n = 87 - 52. Suppose 2*i = -2*h - 3*h + 14, 0 = 5*i + 5*h - n. What is the highest common factor of 49 and i?
7
Let p(h) = -h**3 - 11*h**2 + 19*h + 9. Let l be p(-13). Suppose 0*u = 2*m - 2*u - 116, 2*u = -2*m + l. Calculate the highest common factor of 36 and m.
18
Let o be 4/6*210/28. Calculate the highest common factor of o and 5.
5
Let o = 6 - 2. Let f be 1/(-1 + 0 - -2). Suppose 13 = 2*s + f. Calculate the highest common divisor of o and s.
2
Let l = 2 + 0. Suppose 0 = 3*y - l*y - 7. Calculate the greatest common factor of y and 1.
1
Let g(t) = -t**2 + 8*t - 5. Let f be g(6). What is the highest common factor of f and 7?
7
Let d = -16 - -29. Calculate the greatest common divisor of 91 and d.
13
Let u be -2 + -1 + -3 + 21. What is the greatest common factor of u and 30?
15
Let n = 38 - 31. What is the highest common factor of n and 77?
7
Suppose -b - b + 146 = 0. Suppose -b - 59 = -3*p. What is the greatest common divisor of 4 and p?
4
Let x = -74 - -130. Suppose x = 4*y - 5*d, -4*d + 2 = 2*y - 0. Let a(s) = 27*s**2 - s - 1. Let k be a(-1). What is the greatest common factor of k and y?
9
Let b(h) = h**3 - 3*h**2 - 3*h + 6. Let o be b(4). Calculate the greatest common divisor of 110 and o.
10
Let c be (2 - -14) + (-2)/(-2). What is the greatest common factor of 85 and c?
17
Suppose -5*r + 37 = p, 2*r - 59 = -5*p + 57. Calculate the highest common factor of p and 44.
22
Suppose -2*d = 4*d - 1404. What is the highest common divisor of d and 26?
26
Suppose 9 = 2*h + 3*q, 3*h + 2*q - 8 = 3*q. Let c be -5 + h - 4/(-1). Suppose 0*a = c*a - 6. What is the highest common factor of a and 3?
3
Let b be (-1 - -2)/(-1)*-4. Suppose b*x - 5 = 7. What is the greatest common factor of x and 3?
3
Let x = 73 - 63. What is the greatest common factor of x and 90?
10
Suppose -10 = -3*k + 20. Calculate the highest common divisor of 110 and k.
10
Suppose 4*q = -2*q + 30. Suppose -1057 = -6*b + b + 3*k, -b + 189 = q*k. What is the highest common divisor of b and 19?
19
Let f(w) = -w**3 - w**2 + 4*w + 4. Suppose 5*r = -0 + 5. Let p be 2*(-1 - r/2). Let y be f(p). What is the highest common divisor of 20 and y?
10
Let g(a) = a + 15. Let m be g(0). Suppose -5*l + 53 = 4*c - 17, 5*c + 3*l - 81 = 0. What is the greatest common divisor of m and c?
15
Suppose -g + 9 + 31 = 3*f, -4*g - 22 = -f. What is the highest common divisor of f and 56?
14
Suppose -8*z = -4*z - 140. Let f be z/2 - 3/6. What is the highest common factor of 153 and f?
17
Suppose -4*s + 2*s = -42. Calculate the greatest common divisor of 7 and s.
7
Let m = 4 + -1. Suppose 3*p = m, -2 = 2*s + p - 9. Calculate the highest common divisor of s and 12.
3
Suppose 2*l = 3*i + 3, -i - l = 2*l + 1. Let r = 1 + i. Suppose 3*x - 10 - 14 = r. What is the greatest common factor of 72 and x?
8
Let y = 90 + -9. Calculate the highest common factor of y and 9.
9
Let p(f) = 6*f + 6. Let z be p(6). Let h = 42 + -36. Calculate the greatest common divisor of h and z.
6
Suppose -5 + 2 = 3*r, -c - 4*r = -5. Calculate the highest common divisor of 1 and c.
1
Let m(a) = 5*a - 3. Let d(t) = -9*t + 7. Let s(z) = -2*d(z) - 5*m(z). Let j be s(-1). Let v = 16 - j. What is the highest common factor of 12 and v?
4
Let c(s) = 2*s - 2. Let g be c(-3). Let p = -2 - g. Let z(r) = r**2 + 4*r - 3. Let v be z(-5). What is the greatest common factor of p and v?
2
Let c be 2/(-8)*-4 - -9. What is the highest common factor of c and 30?
10
Let o = -41 - -63. What is the greatest common divisor of 176 and o?
22
Suppose d = -2*o - 0*d + 25, 5*o + 4*d - 70 = 0. Let f = 72 - 32. What is the highest common divisor of o and f?
10
Let x = -10 + 25. Calculate the highest common divisor of x and 3.
3
Let s be 8022/(-30) - (-2)/5. Let c = -159 - s. What is the greatest common divisor of c and 12?
12
Suppose 4*g = 3*t + t + 28, 5 = 3*g + 5*t. Suppose u = -4*u + 250. Calculate the highest common divisor of u and g.
5
Suppose -n + 29 = 2*z - 4*n, -3*z + n + 33 = 0. Calculate the greatest common divisor of 80 and z.
10
Let y be (4 - (-33)/(-9))*273. What is the highest common divisor of 13 and y?
13
Suppose h - 12 = -2*h. Let v = -4 + 4. Let q be h + -2 + v + 2. What is the greatest common divisor of q and 1?
1
Let m be 45/4 - 1/4. Suppose -44 = -2*u - 0*u. Let t be (u/3)/(2/27). What is the greatest common divisor of m and t?
11
Suppose -2*h + 94 = -5*f, h - 4*f = 15 + 26. Let y be h/9 - 2/(-3). What is the greatest common factor of 28 and y?
7
Let h = -2 - -5. Let u be h + (3 + -3 - -2). Let p(r) = -r**2 + r + 15. Let g be p(0). What is the highest common factor of u and g?
5
Let c(t) = -t**2 + 11*t - 10. Let o = -2 - -4. Suppose -o*b = 2*b - 28. Let i be c(b). Calculate the greatest common divisor of 9 and i.
9
Suppose 3*t - 4 = x, 5*t + 5*x = 3*x - 8. Suppose t*p - 27 = -p. What is the greatest common factor of 18 and p?
9
Suppose 78 = 3*p - 42. Suppose 3*r + 2*r = 5. Let q be r*(2 - -2)*2. Calculate the greatest common factor of p and q.
8
Suppose 186 = 4*j + 38. What is the highest common divisor of j and 111?
37
Suppose -3*t = -g - 43, -3*g + t - 54 = 35. Let b be ((-63)/g)/(6/32). What is the highest common factor of 12 and b?
12
Suppose 2*p = k + 36, -2*k + 12 = 3*p - 35. Let l = 1 - 0. Let m be (-1 + (5 - l))*p. What is the highest common divisor of 17 and m?
17
Let q(l) = 1 + 0 + 4*l - 3. Let d be q(3). What is the highest common factor of d and 110?
10
Suppose -5*s - 2*s + 266 = 0. What is the greatest common divisor of s and 57?
19
Let q be 1*(0 - (0 - -1)). Let o be ((-32)/20)/(q/5). Calculate the highest common factor of o and 1.
1
Suppose g + 2*g - k = 31, -5*k - 20 = 0. Let s = 128 + -29. Calculate the greatest common divisor of s and g.
9
Let c(m) = -m**3 - 5*m**2 - 9*m. Let y be c(-6). Calculate the highest common divisor of 18 and y.
18
Suppose -421*k + 417*k = -168. Let d(r) = 14*r. Let c be d(1). What is the greatest common divisor of c and k?
14
Suppose -2*v - 142 = -3*s, s = 5*s - 8. Let o = v - -266. Calculate the highest common divisor of 22 and o.
22
Let t = 705 - 389. Let x be t/28 - 4/14. Suppose 4*u - 410 - 30 = 0. What is the greatest common divisor of x and u?
11
Let y(l) = l**3 + 3*l**2 + 2*l + 2. Let j be y(-2). Suppose j*b = -2*b + 48. Let p = 107 - 71. Calculate the greatest common factor of p and b.
12
Suppose 5*i + 1505 = 5*m, 3*i + 1542 = 5*m + 33. Suppose -m = -5*h + 282. Calculate the highe